 7. Let h(p) = -2*p**2 + 2*p + 7. Let m(q) = -5*h(q) - 4*j(q). Let t(w) = 3*d(w) + m(w). Calculate t(5).
-7
Let u(g) = -g - 10. Suppose 0 = -2*b - 2*b. What is u(b)?
-10
Let g(t) = t**3 + 2*t**2 - 7*t + 6. Let n(w) = 2*w**2 - 6*w + 5. Let o(d) = 6*g(d) - 7*n(d). Give o(1).
5
Let r(v) = v - 4. Let q(g) = 0*g + 2*g + 0 + 2 - 3*g. Let f be q(7). Let i(u) = -u + 4. Let s(t) = f*i(t) - 4*r(t). Calculate s(4).
0
Let k = 51 + -31. Suppose 0 = -3*x - 0*x - 2*v + 12, -4*x + k = 4*v. Let o(q) = 0*q - 2*q - 1 + 0*q - 4*q**x + 2. Give o(-2).
-11
Let v(q) = 14*q + 27. Let d(p) = 5*p + 9. Let r(w) = 8*d(w) - 3*v(w). Determine r(-7).
5
Let u(m) be the third derivative of -m**4/24 - 19*m**2. Give u(-5).
5
Let v(g) be the third derivative of -g**5/60 - g**4/3 + 11*g**3/6 - 26*g**2. Calculate v(-9).
2
Let s(f) = -f - 1. Let m(g) = -g + 0*g**3 + 8*g**2 - 4*g**2 + 1 - g**3. Let p be m(3). Suppose 0 = -5*c - 32 + p. Determine s(c).
4
Let z(j) be the first derivative of -5*j**3/3 + j**2/2 - 6. What is z(1)?
-4
Suppose 0 = -2*l - 2*o - 4, 3*o = 3*l - 8*l - 8. Let g = l + 2. Let u(c) = -c**2 - c + 1. What is u(g)?
-1
Let u(n) = -1. Let j(a) = -a + 1. Let y(l) = -j(l) + 6*u(l). Determine y(8).
1
Let p(t) = 5*t**2. Let d = 25 - 24. Determine p(d).
5
Let m = -17 - -19. Let u(h) = -m*h + 0*h + 5*h + 4. Give u(-4).
-8
Let z(p) = -p**2 + 8*p - 7. Let o be 136/20 - 2/(-10). Calculate z(o).
0
Let i(c) = c**3 + 3*c**2 - 4*c - 5. Let k(y) be the third derivative of -y**5/60 - y**4/12 + 2*y**3/3 + y**2. Let h be k(-4). Give i(h).
-5
Let l(i) be the first derivative of 2 + 1/3*i**3 + 0*i**2 + 2*i. Give l(-2).
6
Let i(f) be the third derivative of f**6/120 - f**5/12 + 5*f**4/24 - f**3/3 - 8*f**2. What is i(4)?
2
Let h(a) = a**3 - 4. Suppose 10 = -5*v - 5, 4*q - v = 23. Suppose -24 + 4 = -q*z. Suppose 0 = 6*i - z*i. Give h(i).
-4
Suppose 0 = -3*d - d - 8. Let w = 1 - d. Let f(y) = -3*y + 0*y + 5*y - 4. What is f(w)?
2
Let o(k) = k**2 - k + 1. Let m(p) = p**3 - p**2 - 5*p + 6. Let l(c) = -7*c**2 + c**2 + c**3 + 0 - 1. Let w be l(6). Let v(h) = w*m(h) + 2*o(h). Calculate v(4).
-8
Let l(b) = b - 8. Let h(a) = -7. Let f(p) = 6*h(p) - 5*l(p). Give f(-4).
18
Suppose 4*s - 9 - 13 = 2*m, 5*s - 35 = 5*m. Let x(v) = 2*v - 8. Let d(n) = -n + 5. Let q(l) = 8*d(l) + 5*x(l). Give q(s).
8
Let t(g) = -g**3 - 4*g**2 + g + 5. Let p be t(-4). Let r(n) = -4*n**2 + n. Give r(p).
-3
Let q(f) be the first derivative of -3 + f**2 + 3*f + 1/3*f**3. Give q(-2).
3
Let b = 20 - 25. Let m(v) = 3*v + 3. Give m(b).
-12
Let k(m) = 4*m. Let l(d) = d - 1. Let b(h) = -k(h) + 6*l(h). Give b(9).
12
Let j(r) = -18*r**2 + 3*r + 3. Let t(f) = -17*f**2 + 4*f + 4. Let s(k) = 4*j(k) - 3*t(k). What is s(-1)?
-21
Let n(i) be the first derivative of i**4/4 + 5*i**3/3 - 5*i - 54. Give n(-4).
11
Let s(j) be the third derivative of -1/24*j**4 + 0 - 1/60*j**5 + 0*j + j**2 + 1/6*j**3. Suppose -5*z - 25 + 0 = 5*b, 22 = -5*z - 4*b. Calculate s(z).
-1
Let s(d) = d**2 + 9*d + 11. Suppose 27 = -3*i - 7*c + 4*c, 4*c + 4 = 0. Let r be s(i). Let y(x) = x**r + x**2 - 2*x**3 + 2 + 3*x**2. What is y(4)?
2
Let k(q) = -q**2 + q - 12. Suppose 6 = -2*c + 46. Suppose -o + 5 = -3*g, -c = -2*o - 2*o. Determine k(g).
-12
Let c(k) be the first derivative of k**3 - k**2 - 2*k - 28. What is c(3)?
19
Let y(d) be the first derivative of 2*d**2 + 0 - 2*d - 2 - 3. Calculate y(2).
6
Suppose 2*g + 4 = 20. Let s(b) = -3*b**2 + 24*b - 13. Let k(m) = -2*m**2 + 16*m - 9. Let l(d) = g*k(d) - 5*s(d). Calculate l(5).
8
Suppose 5*t - 23 = -3*u, -4*u - 16 = -9*t + 4*t. Let x(z) be the second derivative of 1/6*z**3 - z - 1/12*z**t + z**2 + 0. Determine x(0).
2
Let m(v) = -v - 3. Let x be 3/(1/6 + (-7)/(-21)). Calculate m(x).
-9
Let b(y) = 7 - 9 - 1 + y. Calculate b(2).
-1
Let y(b) = b**2 + 7*b - 5. Let j be y(-7). Let d(l) = -l**3 - l**2 + l - 2. Let q be d(-2). Let s(f) = f + q + 5 - 1 + 4. Determine s(j).
3
Let z(g) = -1 - 3*g - g + 2*g. Suppose l - 3*l = -4. Suppose -c + l = c. What is z(c)?
-3
Suppose -3*o - o = 3*q, 2*q = 0. Let f(r) = r + 2. Calculate f(o).
2
Suppose w = -0*w + 2, 2*f + w + 2 = 0. Let s(k) = 3*k**3 + 3*k**2 + 2*k. Give s(f).
-16
Suppose -2*s + 6*s = 8. Let u(v) = v**3 - v**2 - v. Determine u(s).
2
Let k(s) = s**3 - 2*s**2 - 3*s. Let m = 18 - 20. Give k(m).
-10
Let b(d) be the second derivative of -d**5/10 + 5*d**4/12 + d**3/6 + 3*d**2 + 2*d. Let j(f) = -f**3 + f**2 + f + 1. Let p(g) = b(g) - j(g). Calculate p(4).
5
Let m(s) = -s**2 + s + 1. Let g(h) = -3*h**2 + 4*h - 2. Let a(w) = g(w) - 2*m(w). Let c(f) be the first derivative of a(f). Give c(-4).
10
Let h(v) = v - 3. Let n = -11 - -7. Let i be (-2)/(-3) + (-22)/6. Let b be n/6 + (-2)/i. Give h(b).
-3
Let q(t) be the second derivative of t**6/720 - t**5/40 - t**4/4 - 6*t. Let h(u) be the third derivative of q(u). Calculate h(-3).
-6
Let f(j) = -j**2 + 6*j - 8. Let a = -28 - -34. Calculate f(a).
-8
Let k be 2/(-15) - 86/30. Let q(v) = -2*v**2 - 5*v - 4. Determine q(k).
-7
Suppose -4*h + 7*h - 6 = 0. Suppose -h*a + 2 = 6. Let n be (-3)/(a + 8)*-12. Let u(p) = -p + 4. Determine u(n).
-2
Let g(u) = -22*u + u**3 - 3 + 3*u**2 - 25*u + 47*u. Calculate g(-3).
-3
Let q(z) = -2 + 5 + 0*z - 2*z. Suppose 0 = j + 3 - 8. Let h = 7 - j. Calculate q(h).
-1
Suppose 0 = 3*x + a + 15, x + 3 = -5*a - 2. Let l(y) = 5*y. Let t(c) = -6*c. Let d(v) = x*l(v) - 4*t(v). What is d(6)?
-6
Let u(o) = o**2 + 5*o + 9. Let r be u(-2). Let s(z) = 4*z**2 - 3*z + 1. Give s(r).
28
Suppose r + 4 = 2*r. Suppose b + r*x + 0*x = -10, 2*x = -3*b. Suppose b*f = 5*f - 15. Let w(a) = -a. What is w(f)?
-5
Let s(l) = l**3 - l + 5. Let v be (0/2)/(2*4/8). What is s(v)?
5
Let m(b) = 5*b + 3. Let d(q) be the second derivative of -q**3 - 2*q**2 - q. Let i(n) = 3*d(n) + 4*m(n). Determine i(1).
2
Let m = -20 + 33. Let u = m + -11. Let x(h) = -u*h + 3*h - 2*h. Determine x(-2).
2
Let v(h) = 4*h**2 + 8 - 2*h**2 - 9*h - h**2. Let z = -242 - -249. What is v(z)?
-6
Let o(r) = -3*r**3 - 3*r**2 - 9. Let j(k) = -16*k**3 - 16*k**2 - 45. Let l = 5 - 7. Let s(y) = l*j(y) + 11*o(y). Suppose 0 = -d + 3*d. Calculate s(d).
-9
Let r(t) = -2*t**3 - t**2 + 3*t - 5. Let p(x) = 4*x**3 + x**2 - 5*x + 8. Let o(b) = -3*p(b) - 5*r(b). Calculate o(2).
-7
Let v(s) be the first derivative of -7*s**3/3 + s - 9. What is v(-1)?
-6
Let d(j) = j**2 - 3*j - 5. Suppose -t + 4 = -0*t. What is d(t)?
-1
Let x(h) = -h + 5*h**2 + 1 + 0*h - 3*h**2 - 6*h**2. Give x(1).
-4
Let p(k) = 0*k + k - 4*k**3 + 7*k**2 - 5*k**2. What is p(-1)?
5
Let s(y) = y**3 + 2*y**2 - 5*y + 1. Suppose -5 = 5*b + 15. Calculate s(b).
-11
Let s be 28/70 + (-2)/5. Let y(r) = r + 6. Determine y(s).
6
Let o(i) = -i**3 - 9*i**2 - 3*i - 10. Let s(c) = 3*c**3 + 28*c**2 + 10*c + 31. Let g(t) = 7*o(t) + 2*s(t). What is g(-7)?
-1
Let j(h) = 1 - 1 + 2 + 2*h**2 + 3*h. Let s be (4 - 1 - (-130)/(-50))*-5. Calculate j(s).
4
Let u(b) = -b**3 - 9*b**2 + 20*b - 21. Let d be u(-11). Let k(w) = 5*w + 1. Give k(d).
6
Let q(h) = -h - 10. Let o(l) = -l**2 - 3*l - 7. Let w be o(-3). What is q(w)?
-3
Suppose -h - 3 = -0*h. Let f(r) be the first derivative of 3*r - 1/2*r**2 + 6. What is f(h)?
6
Let h(b) = b - 5. Let w be 28/6*(-27)/(-18). What is h(w)?
2
Let j(d) = -d + 2. Let h(v) = 2*v - 12. Let a be h(7). Give j(a).
0
Let y = 0 - -9. Let c be y*(-1 + 12/9). Let w(u) be the second derivative of -u**5/20 + 5*u**4/12 - 5*u**3/6 + 2*u**2 + u. Determine w(c).
7
Let i = 9 - 13. Let o = 13 - 11. Let v(z) = z**o - 4*z**2 + z + 2*z**2 + 4 - 3*z. What is v(i)?
-4
Let l(y) be the first derivative of -y**4/4 + 5*y**3/3 - 5*y**2/2 + 2*y - 6. Determine l(4).
-2
Let q(t) be the third derivative of t**5/60 + t**4/6 - t**3/2 - 13*t**2 - t. Let g = 20 - 5. Suppose 0*h + 3*h = -g. Calculate q(h).
2
Let y(p) = -p**3 - p**2 + 2*p + 1. Suppose -5 = 4*f + 3. Determine y(f).
1
Let g(f) = -2*f. Let a be g(2). Let y be (-1)/((-3)/(-6)*-1). Let w(z) = -y*z + 3*z**2 + 3*z**3 - 3*z - 2*z**3. Give w(a).
4
Suppose -2*w + 4 = 2*l, 2*w + 0*w - 4 = 0. Let t(v) = 2 - 7*v + l - 2. Let o = 4 - 3. Calculate t(o).
-7
Let n(r) = r + 18. Let p be n(-13). Let l(g) = 2*g - 4. Give l(p).
6
Suppose 4*v - 4*t = 8 - 0, -5*t = -4*v + 4. Let o(u) = v*u - u + 9 - 8 - u**2. Determine o(5).
1
Let h(o) be the first derivative of o**6/120 + o**5/10 + o**4/12 - o**3/6 - 3*o**2/2 - 1. 